{"id":2644,"date":"2020-09-05T19:38:38","date_gmt":"2020-09-05T17:38:38","guid":{"rendered":"http:\/\/secondaire.saintechretienne.be\/wordpress\/?page_id=2644"},"modified":"2020-09-28T17:05:55","modified_gmt":"2020-09-28T15:05:55","slug":"historique","status":"publish","type":"page","link":"https:\/\/secondaire.saintechretienne.be\/wordpress\/historique\/","title":{"rendered":"Historique"},"content":{"rendered":"<h2>Une histoire plus que centenaire pour une \u00e9cole tourn\u00e9e vers l&rsquo;avenir.<\/h2>\n<blockquote><p><em>Voir aussi l&rsquo;article :\u00a0\u00a0<a href=\"http:\/\/secondaire.saintechretienne.be\/wordpress\/levolution-du-batiment-et-de-son-parc\/\">L&rsquo;\u00e9volution du b\u00e2timent de Sainte-Chr\u00e9tienne et de son parc<\/a><\/em><\/p><\/blockquote>\n<p><strong>Origine<\/strong>\u00a0<strong>: la congr\u00e9gation des soeurs de Sainte-Chr\u00e9tienne<\/strong><\/p>\n<p><span style=\"font-weight: 400;\">L\u2019origine du nom \u00ab\u00a0Sainte-Chr\u00e9tienne\u00a0\u00bb vient de la famille M\u00e9jan\u00e8s, qui habitait en Moselle, en France. Avec quelques amis, cette famille a cr\u00e9\u00e9 une communaut\u00e9 de chr\u00e9tiens, fervents disciples de J\u00e9sus-Christ \u00e0 partir de 1789. En 1807, la communaut\u00e9 devient une congr\u00e9gation religieuse et a pour mission d\u2019\u00e9duquer et de soigner. Cette nouvelle congr\u00e9gation porte le nom des S\u0153urs de l\u2019Enfance de J\u00e9sus et de Marie, sous le patronage de Sainte-Chr\u00e9tienne.<\/span><\/p>\n<p><a href=\"http:\/\/secondaire.saintechretienne.be\/wordpress\/wp-content\/uploads\/2020\/09\/pensionnat.png\"><img loading=\"lazy\" decoding=\"async\" class=\"alignnone size-full wp-image-2646\" src=\"http:\/\/secondaire.saintechretienne.be\/wordpress\/wp-content\/uploads\/2020\/09\/pensionnat.png\" alt=\"\" width=\"639\" height=\"404\" srcset=\"https:\/\/secondaire.saintechretienne.be\/wordpress\/wp-content\/uploads\/2020\/09\/pensionnat.png 639w, https:\/\/secondaire.saintechretienne.be\/wordpress\/wp-content\/uploads\/2020\/09\/pensionnat-300x190.png 300w\" sizes=\"(max-width: 639px) 100vw, 639px\" \/><\/a><\/p>\n<p><strong>Le b\u00e2timent<\/strong><\/p>\n<p><span style=\"font-weight: 400;\">Le b\u00e2timent de l\u2019Institut Sainte-Chr\u00e9tienne de Chimay a \u00e9t\u00e9 construit en 1901 par l\u2019architecte fran\u00e7ais Chantran. \u00c0 l\u2019\u00e9poque, le b\u00e2timent se nommait \u00ab villa des Roses \u00bb et \u00e9tait occup\u00e9 par la famille Chantran. Il a \u00e9t\u00e9 mis en vente en 1903 et achet\u00e9 par les soeurs de Sainte Chr\u00e9tienne. Celles-ci en effet ont d\u00fb s&rsquo;exiler en Belgique pour pouvoir poursuivre leurs oeuvres, interdites en France. La population de l&rsquo;\u00e9tablissement reste quasi exclusivement fran\u00e7aise. Durant la seconde guerre mondiale, les soeurs interrompent les cours pour soigner les soldats et participent \u00e0 la R\u00e9sistance, notamment en h\u00e9bergeant des enfants juifs.<\/span><\/p>\n<p><a href=\"http:\/\/secondaire.saintechretienne.be\/wordpress\/wp-content\/uploads\/2020\/09\/pensionnat3.png\"><img loading=\"lazy\" decoding=\"async\" class=\"wp-image-2648 alignnone\" src=\"http:\/\/secondaire.saintechretienne.be\/wordpress\/wp-content\/uploads\/2020\/09\/pensionnat3.png\" alt=\"\" width=\"378\" height=\"240\" srcset=\"https:\/\/secondaire.saintechretienne.be\/wordpress\/wp-content\/uploads\/2020\/09\/pensionnat3.png 530w, https:\/\/secondaire.saintechretienne.be\/wordpress\/wp-content\/uploads\/2020\/09\/pensionnat3-300x191.png 300w\" sizes=\"(max-width: 378px) 100vw, 378px\" \/><\/a><a href=\"http:\/\/secondaire.saintechretienne.be\/wordpress\/wp-content\/uploads\/2020\/09\/pensionnat2.png\"><img loading=\"lazy\" decoding=\"async\" class=\"wp-image-2647 alignright\" src=\"http:\/\/secondaire.saintechretienne.be\/wordpress\/wp-content\/uploads\/2020\/09\/pensionnat2.png\" alt=\"\" width=\"395\" height=\"247\" srcset=\"https:\/\/secondaire.saintechretienne.be\/wordpress\/wp-content\/uploads\/2020\/09\/pensionnat2.png 811w, https:\/\/secondaire.saintechretienne.be\/wordpress\/wp-content\/uploads\/2020\/09\/pensionnat2-300x188.png 300w, https:\/\/secondaire.saintechretienne.be\/wordpress\/wp-content\/uploads\/2020\/09\/pensionnat2-768x481.png 768w\" sizes=\"(max-width: 395px) 100vw, 395px\" \/><\/a><\/p>\n<p>&nbsp;<\/p>\n<p><strong>L&rsquo;enseignement sp\u00e9cialis\u00e9 \u00e0 Chimay<\/strong><\/p>\n<p><span style=\"font-weight: 400;\">Depuis 1969, une section d\u2019enseignement sp\u00e9cialis\u00e9 est mise en place pour des enfants de primaire \u00e0 Chimay. Cependant, l\u2019enseignement dit \u00ab sp\u00e9cialis\u00e9 \u00bb a vu le jour avec la promulgation de la loi du 6 juillet 1970. Cette \u00e9cole primaire mixte sp\u00e9cialis\u00e9e se trouvait au num\u00e9ro 2, place Mont-Joly \u00e0 Chimay (aujourd\u2019hui, se trouve l\u2019\u00e9cole Saint-Pierre et Paul ; enseignement primaire). En 1973, l\u2019IMP (institut m\u00e9dico-p\u00e9dagogique) rejoint le CREIRF \u201cCentre r\u00e9gional d\u2019enseignement individualis\u00e9 et de r\u00e9adaptation fonctionnelle\u201d, l\u2019enseignement primaire sp\u00e9cialis\u00e9, dans les b\u00e2timents de la rue Mont-Joly. En 1976, ces deux institutions li\u00e9es, d\u00e9m\u00e9nagent au 1, rue du Faubourg, \u00e0 Chimay.<\/span><\/p>\n<p><span style=\"font-weight: 400;\">Durant ce temps, en 1972, un enseignement secondaire individualis\u00e9 pour les filles voit le jour gr\u00e2ce aux s\u0153urs de Notre-Dame de Chimay. Les \u00e9l\u00e8ves occupent alors le grenier de ce qui est aujourd\u2019hui l\u2019\u00e9cole Saint-Pierre et Paul avant de d\u00e9m\u00e9nager au 4, place du chapitre \u00e0 Chimay et qui se nommait Institut Notre-Dame.<\/span><\/p>\n<p><span style=\"font-weight: 400;\">En 1980, les s\u0153urs de Sainte Chr\u00e9tienne de Metz d\u00e9cident d\u2019arr\u00eater la formation de jeunes fran\u00e7ais en vue du bac et mettent en vente le b\u00e2timent de Chimay mais avant cela, les s\u0153urs ont agrandi et fait \u00e9voluer le b\u00e2timent.\u00a0<\/span><\/p>\n<p><a href=\"http:\/\/secondaire.saintechretienne.be\/wordpress\/wp-content\/uploads\/2020\/09\/Article-de-presse-historique.jpg\"><img loading=\"lazy\" decoding=\"async\" class=\"alignnone wp-image-2645\" src=\"http:\/\/secondaire.saintechretienne.be\/wordpress\/wp-content\/uploads\/2020\/09\/Article-de-presse-historique-768x1024.jpg\" alt=\"\" width=\"692\" height=\"922\" srcset=\"https:\/\/secondaire.saintechretienne.be\/wordpress\/wp-content\/uploads\/2020\/09\/Article-de-presse-historique-768x1024.jpg 768w, https:\/\/secondaire.saintechretienne.be\/wordpress\/wp-content\/uploads\/2020\/09\/Article-de-presse-historique-225x300.jpg 225w, https:\/\/secondaire.saintechretienne.be\/wordpress\/wp-content\/uploads\/2020\/09\/Article-de-presse-historique.jpg 1200w\" sizes=\"(max-width: 692px) 100vw, 692px\" \/><\/a><\/p>\n<p><strong>L&rsquo;institut Sainte-Chr\u00e9tienne<\/strong><\/p>\n<p><span style=\"font-weight: 400;\">Ainsi, en 1981, le Pouvoir organisateur des institutions, se porte acqu\u00e9reur du b\u00e2timent.<br \/>\n<\/span><span style=\"font-weight: 400;\">Le d\u00e9m\u00e9nagement du primaire, secondaire et l\u2019IMP a eu lieu en juin 1982 et les d\u00e9lib\u00e9rations de fin d\u2019ann\u00e9e scolaire se sont d\u00e9roul\u00e9es \u00e0 Sainte-Chr\u00e9tienne. Le Directeur \u00e9tait \u00e0 cette \u00e9poque Monsieur Andr\u00e9 Tahon.<\/span><\/p>\n<p><a href=\"http:\/\/secondaire.saintechretienne.be\/wordpress\/wp-content\/uploads\/2020\/09\/vueaerienne.png\"><img loading=\"lazy\" decoding=\"async\" class=\"alignnone size-full wp-image-2649\" src=\"http:\/\/secondaire.saintechretienne.be\/wordpress\/wp-content\/uploads\/2020\/09\/vueaerienne.png\" alt=\"\" width=\"792\" height=\"564\" srcset=\"https:\/\/secondaire.saintechretienne.be\/wordpress\/wp-content\/uploads\/2020\/09\/vueaerienne.png 792w, https:\/\/secondaire.saintechretienne.be\/wordpress\/wp-content\/uploads\/2020\/09\/vueaerienne-300x214.png 300w, https:\/\/secondaire.saintechretienne.be\/wordpress\/wp-content\/uploads\/2020\/09\/vueaerienne-768x547.png 768w\" sizes=\"(max-width: 792px) 100vw, 792px\" \/><\/a><\/p>\n<p><span style=\"font-weight: 400;\">L\u2019\u00e9cole secondaire s\u2019appelait alors \u00ab Institut Notre-Dame \u00bb et l\u2019\u00e9cole primaire \u00e9tait reprise sous l\u2019appellation \u00ab Centre R\u00e9gional d\u2019Enseignement Individualis\u00e9 et de R\u00e9adaptation Fonctionnelle \u00bb (CREIRF).<\/span><\/p>\n<p><span style=\"font-weight: 400;\">Le b\u00e2timent faisait partie de l\u2019ordre religieux Sainte-Chr\u00e9tienne et pour honorer les s\u0153urs de Metz qui occupaient le b\u00e2timent auparavant, le Pouvoir organisateur a nomm\u00e9 l\u2019\u00e9cole \u00ab Institut Sainte-Chr\u00e9tienne \u00bb en 1985.<\/span><\/p>\n<p><strong>Et aujourd&rsquo;hui ?<\/strong><\/p>\n<p>L&rsquo;Institut d&rsquo;enseignement secondaire sp\u00e9cialis\u00e9 Sainte-Chr\u00e9tienne de Chimay accueille chaque ann\u00e9e plus de 200 \u00e9l\u00e8ves, compte 80 membres du personnel, propose trois formes d&rsquo;enseignement, des parcours d\u00e9bouchant sur une qualification professionnelle, l&rsquo;enseignement en alternance (CEFA), l&rsquo;int\u00e9gration dans l&rsquo;ordinaire.<\/p>\n<p>C&rsquo;est aussi une \u00e9cole qui compte nombre d&rsquo;ateliers de formation professionnelle et d&rsquo;adaptation sociale, des projets culturels de grande ampleur, trois salles informatiques et du mat\u00e9riel mobile ainsi qu&rsquo;un laboratoire cr\u00e9atif num\u00e9rique.<\/p>\n<p>&nbsp;<\/p>\n<p style=\"text-align: right;\"><em>Page r\u00e9dig\u00e9e par Mr Nicolas avec le concours de Mr Luc<\/em><\/p>\n","protected":false},"excerpt":{"rendered":"<p>Une histoire plus que centenaire pour une \u00e9cole tourn\u00e9e vers l&rsquo;avenir. Voir aussi l&rsquo;article :\u00a0\u00a0L&rsquo;\u00e9volution du b\u00e2timent de Sainte-Chr\u00e9tienne et de son parc Origine\u00a0: la congr\u00e9gation des soeurs de Sainte-Chr\u00e9tienne L\u2019origine du nom \u00ab\u00a0Sainte-Chr\u00e9tienne\u00a0\u00bb vient de la famille M\u00e9jan\u00e8s, qui habitait en Moselle, en France. Avec quelques amis, cette famille a cr\u00e9\u00e9 une communaut\u00e9 de [&hellip;]<\/p>\n","protected":false},"author":6,"featured_media":2648,"parent":0,"menu_order":0,"comment_status":"closed","ping_status":"closed","template":"","meta":{"footnotes":""},"class_list":["post-2644","page","type-page","status-publish","has-post-thumbnail","hentry"],"_links":{"self":[{"href":"https:\/\/secondaire.saintechretienne.be\/wordpress\/wp-json\/wp\/v2\/pages\/2644"}],"collection":[{"href":"https:\/\/secondaire.saintechretienne.be\/wordpress\/wp-json\/wp\/v2\/pages"}],"about":[{"href":"https:\/\/secondaire.saintechretienne.be\/wordpress\/wp-json\/wp\/v2\/types\/page"}],"author":[{"embeddable":true,"href":"https:\/\/secondaire.saintechretienne.be\/wordpress\/wp-json\/wp\/v2\/users\/6"}],"replies":[{"embeddable":true,"href":"https:\/\/secondaire.saintechretienne.be\/wordpress\/wp-json\/wp\/v2\/comments?post=2644"}],"version-history":[{"count":9,"href":"https:\/\/secondaire.saintechretienne.be\/wordpress\/wp-json\/wp\/v2\/pages\/2644\/revisions"}],"predecessor-version":[{"id":3041,"href":"https:\/\/secondaire.saintechretienne.be\/wordpress\/wp-json\/wp\/v2\/pages\/2644\/revisions\/3041"}],"wp:featuredmedia":[{"embeddable":true,"href":"https:\/\/secondaire.saintechretienne.be\/wordpress\/wp-json\/wp\/v2\/media\/2648"}],"wp:attachment":[{"href":"https:\/\/secondaire.saintechretienne.be\/wordpress\/wp-json\/wp\/v2\/media?parent=2644"}],"curies":[{"name":"wp","href":"https:\/\/api.w.org\/{rel}","templated":true}]}}